{"id":3028,"date":"2026-03-10T17:24:01","date_gmt":"2026-03-10T17:24:01","guid":{"rendered":"https:\/\/pitagorica.pt\/?page_id=3028"},"modified":"2026-03-10T17:24:01","modified_gmt":"2026-03-10T17:24:01","slug":"espaco-p-exterior","status":"publish","type":"page","link":"https:\/\/pitagorica.pt\/index.php\/espaco-p-exterior\/","title":{"rendered":"Espa\u00e7o P Exterior"},"content":{"rendered":"[vc_row][vc_column][vc_raw_html]JTNDaWZyYW1lJTIwc3JjJTNEJTIyaHR0cHMlM0ElMkYlMkZ2aW1lby5jb20lMkZldmVudCUyRjI2MDg4NTglMkZlbWJlZCUyMiUyMHdpZHRoJTNEJTIyNjQwJTIyJTIwaGVpZ2h0JTNEJTIyMzYwJTIyJTIwZnJhbWVib3JkZXIlM0QlMjIwJTIyJTIwYWxsb3clM0QlMjJhdXRvcGxheSUzQiUyMGZ1bGxzY3JlZW4lM0IlMjBwaWN0dXJlLWluLXBpY3R1cmUlM0IlMjBjbGlwYm9hcmQtd3JpdGUlM0IlMjBlbmNyeXB0ZWQtbWVkaWElM0IlMjB3ZWItc2hhcmUlMjIlMjByZWZlcnJlcnBvbGljeSUzRCUyMnN0cmljdC1vcmlnaW4td2hlbi1jcm9zcy1vcmlnaW4lMjIlM0UlM0MlMkZpZnJhbWUlM0U=[\/vc_raw_html][\/vc_column][\/vc_row][vc_row][vc_column][vc_column_text css=&#8221;.vc_custom_1670255467306{margin-bottom: 0px !important;}&#8221;]<strong>AVISO:<\/strong> \u00c9 expressamente proibida a recolha, grava\u00e7\u00e3o, registo, organiza\u00e7\u00e3o, estrutura\u00e7\u00e3o, conserva\u00e7\u00e3o, adapta\u00e7\u00e3o, altera\u00e7\u00e3o, divulga\u00e7\u00e3o, a utiliza\u00e7\u00e3o, a difus\u00e3o ou qualquer outra forma de transmiss\u00e3o ou disponibiliza\u00e7\u00e3o, a compara\u00e7\u00e3o ou interconex\u00e3o e a limita\u00e7\u00e3o das grava\u00e7\u00f5es de imagens e \u00e1udio acedidas atrav\u00e9s do link, designadamente em viola\u00e7\u00e3o do direito \u00e0 prote\u00e7\u00e3o de dados, dos direitos de propriedade intelectual ou de outras disposi\u00e7\u00f5es legais vigentes.<\/p>\n<p>A Pitag\u00f3rica n\u00e3o assume qualquer responsabilidade quando os conte\u00fados acedidos atrav\u00e9s deste link sejam utilizados pelo utilizador de forma ilegal, il\u00edcita, abusiva, injuriosa ou de forma a denegrir a imagem de terceiro.[\/vc_column_text][\/vc_column][\/vc_row]\n","protected":false},"excerpt":{"rendered":"<p>[vc_row][vc_column][vc_raw_html]JTNDaWZyYW1lJTIwc3JjJTNEJTIyaHR0cHMlM0ElMkYlMkZ2aW1lby5jb20lMkZldmVudCUyRjI2MDg4NTglMkZlbWJlZCUyMiUyMHdpZHRoJTNEJTIyNjQwJTIyJTIwaGVpZ2h0JTNEJTIyMzYwJTIyJTIwZnJhbWVib3JkZXIlM0QlMjIwJTIyJTIwYWxsb3clM0QlMjJhdXRvcGxheSUzQiUyMGZ1bGxzY3JlZW4lM0IlMjBwaWN0dXJlLWluLXBpY3R1cmUlM0IlMjBjbGlwYm9hcmQtd3JpdGUlM0IlMjBlbmNyeXB0ZWQtbWVkaWElM0IlMjB3ZWItc2hhcmUlMjIlMjByZWZlcnJlcnBvbGljeSUzRCUyMnN0cmljdC1vcmlnaW4td2hlbi1jcm9zcy1vcmlnaW4lMjIlM0UlM0MlMkZpZnJhbWUlM0U=[\/vc_raw_html][\/vc_column][\/vc_row][vc_row][vc_column][vc_column_text css=&#8221;.vc_custom_1670255467306{margin-bottom: 0px !important;}&#8221;]AVISO: \u00c9 expressamente proibida a recolha, grava\u00e7\u00e3o, registo, organiza\u00e7\u00e3o, estrutura\u00e7\u00e3o, conserva\u00e7\u00e3o, adapta\u00e7\u00e3o, altera\u00e7\u00e3o, divulga\u00e7\u00e3o, a utiliza\u00e7\u00e3o, a difus\u00e3o ou qualquer outra forma de transmiss\u00e3o ou disponibiliza\u00e7\u00e3o, a compara\u00e7\u00e3o ou interconex\u00e3o e a limita\u00e7\u00e3o das grava\u00e7\u00f5es de imagens e \u00e1udio acedidas atrav\u00e9s do link, designadamente em viola\u00e7\u00e3o do direito \u00e0 prote\u00e7\u00e3o de dados, [&hellip;]<\/p>\n","protected":false},"author":4,"featured_media":0,"parent":0,"menu_order":0,"comment_status":"closed","ping_status":"closed","template":"","meta":{"om_disable_all_campaigns":false,"footnotes":""},"class_list":["post-3028","page","type-page","status-publish","hentry"],"aioseo_notices":[],"_links":{"self":[{"href":"https:\/\/pitagorica.pt\/index.php\/wp-json\/wp\/v2\/pages\/3028","targetHints":{"allow":["GET"]}}],"collection":[{"href":"https:\/\/pitagorica.pt\/index.php\/wp-json\/wp\/v2\/pages"}],"about":[{"href":"https:\/\/pitagorica.pt\/index.php\/wp-json\/wp\/v2\/types\/page"}],"author":[{"embeddable":true,"href":"https:\/\/pitagorica.pt\/index.php\/wp-json\/wp\/v2\/users\/4"}],"replies":[{"embeddable":true,"href":"https:\/\/pitagorica.pt\/index.php\/wp-json\/wp\/v2\/comments?post=3028"}],"version-history":[{"count":1,"href":"https:\/\/pitagorica.pt\/index.php\/wp-json\/wp\/v2\/pages\/3028\/revisions"}],"predecessor-version":[{"id":3029,"href":"https:\/\/pitagorica.pt\/index.php\/wp-json\/wp\/v2\/pages\/3028\/revisions\/3029"}],"wp:attachment":[{"href":"https:\/\/pitagorica.pt\/index.php\/wp-json\/wp\/v2\/media?parent=3028"}],"curies":[{"name":"wp","href":"https:\/\/api.w.org\/{rel}","templated":true}]}}